5/60 + 7*g**4/12 - 5*g**3/6 + 235*g**2. What is p(13)?
8
Let t(k) = -k**3 - 2*k**2 + 10*k + 7. Let a(s) = -2*s**3 + 13*s + 8. Let x(o) = 3*a(o) - 4*t(o). Give x(4).
-8
Suppose -4 - 4 = -2*f. Let z(x) be the first derivative of x**5/60 - x**4/12 - x**3/6 + 13*x**2/2 - 10. Let l(b) be the second derivative of z(b). Give l(f).
7
Let q(g) = -g - 3. Let n(a) = 2*a + 6. Let t(r) = 3*n(r) + 5*q(r). Determine t(4).
7
Let b(p) = 0 - p**2 + 4 - 3 + 5*p. Let r(z) = -13*z - 126. Let x be r(-10). What is b(x)?
5
Suppose 19*f = 18*f + 4. Suppose f = -5*s - 11. Let u(r) = -4*r + 3*r - 2 - 1. Determine u(s).
0
Let y(a) be the second derivative of -a**4/12 - 2*a**3/3 - 3*a**2 - 36*a. Let l(q) = q + 1. Let t(g) = -6*l(g) - y(g). Determine t(4).
8
Suppose -p = 3*p. Let a(q) = -2*q**2 + q**3 - 25*q + 46*q - 21*q + 7 + q**2. Determine a(p).
7
Let o be -7*(-7 + (-3 - -9)). Let g(c) = c - 5. Calculate g(o).
2
Let q(o) = 2*o**2 + 11 + 1 - 11 - 2*o + o. Determine q(5).
46
Let q(i) be the second derivative of i**4/12 + i**3/6 - i**2/2 + 6*i. Let h(v) = 2*v - 18. Let f be h(8). Let t(o) = o - 1. Let u be t(f). Calculate q(u).
5
Let m(s) be the first derivative of 8 - 1/2*s**2 + 8*s. Determine m(4).
4
Let a(l) be the first derivative of l**5/20 - 5*l**4/12 - 7*l**3/6 + 9*l**2/2 + 12*l - 11. Let r(s) be the first derivative of a(s). Calculate r(6).
3
Let y(r) = -r**3 - 35*r**2 + 73*r - 47. Let m be y(-37). Let v(n) = -n**3 - 9*n**2 + 8*n - 3. Determine v(m).
17
Let x(w) = w**3 + 6*w**2 - 9*w - 3. Suppose -276 = -3*p - 3*p. Let u = 39 - p. Give x(u).
11
Let u(g) = -2*g**2 + 6*g - 6. Let b = -1096 - -1101. Give u(b).
-26
Suppose -2*c + a - 2*a - 6 = 0, a = 3*c + 19. Let w(z) be the second derivative of -z**3/6 - z**2 - z - 8. Give w(c).
3
Let z(v) = -1 + 1 - 25*v**3 + 36*v**3 + 18*v**3. Determine z(-1).
-29
Let t(b) = b**2 - 8*b - 7. Let l(p) = -2*p**2 + 15*p + 13. Let x = -2 - 5. Let v(m) = x*t(m) - 4*l(m). Let y(j) = -j**2 + 10*j - 11. Let a be y(8). Give v(a).
2
Let i(h) = -h**3 - 9*h**2 - 9*h - 6. Suppose 2*s = -s + 7*s. Let f(b) = -b**3 + b**2 + b - 8. Let q be f(s). Determine i(q).
2
Let q be ((-2)/5)/(6/(-90)). Suppose -10*l - 24 = -q*l. Let c(p) = -p - 5. Determine c(l).
1
Let y(j) be the second derivative of -j**3/2 - 7*j**2/2 + 11*j - 2. Give y(-10).
23
Let y(m) = -2*m**2 + 0*m + 0*m**2 - m. Let z(b) = -8*b**2. Let n be z(1). Let f be (-297)/(-264) - (-1)/n. Determine y(f).
-3
Let m(j) be the third derivative of j**6/120 + 2*j**5/15 + j**4/6 - 3*j**3/2 + 88*j**2. Calculate m(-7).
12
Suppose 4*j - 6 = j. Let b(i) = 2*i**2 - 6*i**j - 4*i + 4 + 3*i**2 + 2*i**2. Suppose 21*d - 24 = 13*d. Determine b(d).
1
Let t = -100 - -245. Let w(n) = n + t + 0*n + 0*n - 143. Calculate w(-2).
0
Let m(q) = -4 + 8 + 3 - 13*q - 7*q**2 - 2 - 3*q**3. Let j(k) = -2*k**3 - 3*k**2 - 6*k + 2. Let l(d) = 5*j(d) - 3*m(d). What is l(7)?
9
Let u be 2*12/(-8)*-1. Let m(r) = -2*r + u*r - 1 - 3*r + r. What is m(6)?
-7
Let o(u) be the third derivative of -u**6/120 + 2*u**5/15 - u**4/2 - u**3/2 - 133*u**2. Calculate o(6).
-3
Let q(p) = -p**3 + 6*p**2 - 4*p - 5. Let i be ((-10)/4)/((-27)/54). Calculate q(i).
0
Let w(a) = -a**2 - 13*a + 30*a - 14*a. Let n be 30/8 - (-3)/12. What is w(n)?
-4
Let b(t) = -t - 9. Let h = 472 + -470. Suppose -12 = p + p. Let s be ((-2)/p)/(h/(-24)). Give b(s).
-5
Let q be (-5)/1*(-6)/5. Let s(k) = -2*k**2 - 25*k**3 - 4*k**2 - 29*k**3 + 85*k**3 + 5 - 30*k**3. Determine s(q).
5
Suppose 30 = 20*t - 30*t. Let w be (-3)/(-2) + (-2)/(-4). Let x(q) = -5*q + 3*q**2 + 0 + 2*q + q**3 + 5*q - w. What is x(t)?
-8
Let w(z) = 7*z**2 - 8*z + 11. Let m(n) be the first derivative of -2*n**3/3 + 3*n**2/2 - 4*n - 14. Let c(i) = -11*m(i) - 4*w(i). Calculate c(1).
-7
Suppose 0*r + 2*u - 3 = -5*r, u = -r. Let s(t) = t + 1. Calculate s(r).
2
Suppose -3*s + 4*a + 19 = 0, -4*s + 0*a + 3*a + 16 = 0. Let x(d) = -3*d**2 - d + 5*d + s - 6*d. Give x(1).
-4
Let z(r) = r**3 + 8*r**2 + 8*r + 6. Suppose -4*w - 2*c - 14 = 0, -3*w - 4*c = -2*c + 8. Calculate z(w).
30
Let c(k) = -k**3 + 8*k**2 - 4*k. Let y be c(7). Suppose 7 + y = 7*x. Suppose -3 = x*s + 21. Let w(b) = b - 5. Calculate w(s).
-11
Let h(b) = -17*b - 448. Let g be h(-27). Let n(l) be the second derivative of 0 - 1/6*l**3 - 3/2*l**2 + g*l. What is n(3)?
-6
Let v(j) = 22*j + 26. Let i(b) = -5*b - 6. Let p(f) = 9*i(f) + 2*v(f). Calculate p(-9).
7
Let t(h) = -4*h + 98. Let u be t(23). Let r(n) = n - 7. Give r(u).
-1
Let i(z) be the third derivative of 1/12*z**5 - 2/3*z**3 + 10*z**2 + 0*z - 5/24*z**4 + 0 - 1/120*z**6. Calculate i(4).
-8
Let d be (-1)/(8/(-4))*6. Let l(g) be the first derivative of -3 - 3*g + 1/3*g**d + 2*g**2. Give l(2).
9
Suppose 3*n + 1 = 4. Let u(r) = -14*r**2 + r + 2. Let y(q) be the second derivative of -7*q**4/12 + q**2/2 + 4*q. Let t(o) = -2*u(o) + 5*y(o). Give t(n).
-8
Suppose 0 = -2*x - 4*p - 10, 13 = x - 4*p - 0*p. Suppose -2*l = -3 - x. Let g(j) = -21 - 2*j + 11 + 11 + j - 6*j**l. What is g(1)?
-6
Suppose 0 = -8*r + 4*r + 3*f + 46, -f = -2*r + 22. Let w be (-2 - (-18)/r) + 28/(-35). Let o(j) = -27*j**3 - j**2 - j - 1. Calculate o(w).
26
Let n(u) = 6454 - 2*u**2 - 6455 - 6*u - 58*u**3 + 4*u. What is n(-1)?
57
Suppose r - 5*d - 5 = 0, 0*r - d - 27 = 5*r. Let t(b) = -b**3 - 3*b**2 + 2*b + 6. What is t(r)?
46
Let c(r) be the first derivative of -r**5/60 - 3*r**3/2 - 8*r**2 + 12. Let y(o) be the second derivative of c(o). Calculate y(0).
-9
Let y = 1738 - 1749. Let x(o) = -o**2 - 9*o + 26. Determine x(y).
4
Let c(a) = 3*a + 3. Let f be c(2). Let q(m) = -22*m - 2*m**3 - 2 + 12*m + 4*m**2 + f*m. Give q(2).
-4
Let q(c) = -c**2 + c + 13. Let d be q(0). Let y = 8 - d. Let j(u) be the second derivative of -u**3/2 - u**2/2 - 48*u. What is j(y)?
14
Let h(i) = 5*i - 13. Let k(u) = 23*u - 250. Let t be k(11). What is h(t)?
2
Let i(t) = -t**3 - 2*t - 2. Let k(p) = -p**3 - 12*p**2 - 11*p - 2. Suppose -w + 25 = -3*w + d, -23 = w - 4*d. Let h be k(w). Determine i(h).
10
Let k(l) be the third derivative of l**6/60 - l**4/12 + l**3/6 - 7*l**2 + 1. Let s(n) = -n**3 + n. Let u(r) = k(r) + 3*s(r). Determine u(-1).
1
Let k(a) be the first derivative of -a**4/2 - a**2 - a + 34. Determine k(-1).
3
Suppose 71 = 7*q + 113. Let t(i) = i**3 + 6*i**2 - i - 6. Calculate t(q).
0
Let k = 2 + 0. Let o be (-4)/5 + k/(-10). Let z(s) be the second derivative of -2*s**4/3 + s**2/2 + 3*s - 13. Calculate z(o).
-7
Let i(b) = -2*b**3 + 12*b - 7. Let l(y) = y**3 - 5*y + 3. Let h(v) = -2*i(v) - 5*l(v). Give h(-2).
5
Let r = -36 - -41. Let j(z) = 12*z**2 + 3. Let h(s) = -8*s**2 - 2. Let w(c) = r*j(c) + 7*h(c). Give w(1).
5
Let y be 0/(1 - 0) - -17. Suppose 2*s - 2 = s, a - y = -4*s. Let l(o) = 5*o - 8 + 2 + 3*o - a*o. Calculate l(0).
-6
Let o(w) be the first derivative of 4*w**2 + 5*w + 294. Determine o(-1).
-3
Let g(p) = 3*p + 30. Let q be g(-12). Let u(f) = -18*f**3 - 5*f**2 - f + 1. Let x(m) = 18*m**3 + 6*m**2 + m - 1. Let c(n) = q*u(n) - 5*x(n). Give c(1).
18
Let l(j) = -j. Let w(v) = -8. Let p(n) = l(n) + w(n). What is p(-8)?
0
Let h(u) = -3*u**3 - 2*u**2 - 4*u - 1. Let z(b) = -b**3 - 1. Let q(f) = h(f) - 4*z(f). Give q(5).
58
Suppose v - 7 = 2*k + 4, 0 = 5*k - 5. Suppose 2*s = 191 - 185. Suppose -v = -s*z - 4. Let q(u) = u**3 - 4*u**2 + 2*u - 2. Give q(z).
-5
Let l(j) = j**2 + 2*j - 4. Let d(s) = 85 + s + s**2 + 80 - 170. Let h(m) = -4*d(m) + 5*l(m). Suppose 0 = 3*o - 3, -2*q - 5*o - 1 = 4. What is h(q)?
-5
Let s(l) = -4*l + 1. Let f = -8 + 10. Suppose 0 = -2*q + f, -2*p - 8 = 3*q - 7*q. Let v be -2*1/4*p. What is s(v)?
-3
Let o be (1*-1)/(3/(-6)). Let r(c) = c**o - 3 - 5*c + 2 + 3*c. Let x(i) = 199*i - 3976. Let s be x(20). Determine r(s).
7
Let v(f) = -6 - 8 + 98*f**3 - 99*f**3 + 11*f**2 + 4. What is v(11)?
-10
Let z(v) = v + 10. Let y(q) = q + 9. Let b(c) = -5*y(c) + 4*z(c). Let x(n) = 24*n**2 + 2*n - 1. Let k be x(1). Let r be (15/k)/(3/30). What is b(r)?
-11
Let q(y) = -y**3 - 12*y**2 + 11*y - 37. Let b(l) = -l**3 - 11*l**2 + 10*l - 38. Let d(p) = 4*b(p) - 5*q(p). What is d(-17)?
-1
Suppose -5*r + 2*n = -22, 7*r - n = 2*r + 21. Let t(q) = 14*q**2 + 29*q + 14. Let p(g) = -5*g**2 - 10*g - 5. Let c(a) = -17*p(a) - 6*t(a). Give c(r).
1
Let f be (-7)/(4*2/(-8)). Let v(r) = -r**3 + 8*r**2 - 4*r - 6. What is v(f)?
15
Suppose 0 = i + 5*b, -4*i + 2*b = i. Suppose